/((-3)/(-2)). Determine j(h).
23
Let b = 6119 + -6118. Let i(l) = l - 7. Determine i(b).
-6
Let w(n) = n**3 + 11*n**2 - 32*n - 77. Let q(y) = -y**3 - 12*y**2 - 3*y - 49. Let f be q(-12). What is w(f)?
1
Let u(n) be the third derivative of n**5/60 + n**4/4 - 10*n**3/3 + n**2 - 1464. Give u(-8).
-4
Let a be (0 + (-1)/1)/((-2)/(-10)). Let k(u) = 6*u**2 + u - 3. Let r be k(-3). Let q(z) = -z**2 - 21 - 21 - 3*z + r. Determine q(a).
-4
Suppose b + 5 = -0*b, 0 = -d + 2*b + 30. Let j(q) = 77*q - 27*q + 8 - 28*q - d*q. Determine j(-7).
-6
Suppose 0 = -21*g + 458 - 626. Let v(z) = z**2 + 5*z - 19. Determine v(g).
5
Let j(i) = -362*i - 9. Let s(u) = -1955*u - 44. Let h(k) = 16*j(k) - 3*s(k). Calculate h(3).
207
Let o(v) = -7*v - 13. Suppose -5*u - 5 = -0. Let l(w) = -68*w + 18*w + 26*w + 25*w. Let h(t) = u*o(t) - 6*l(t). Determine h(-7).
6
Let c(u) = -u - 16. Let h be c(-16). Suppose h = 6*m - 189 + 45. Let y(o) = -o**2 - 2*o**2 + 22*o**3 - m*o**3. Give y(-2).
4
Let c(m) be the third derivative of -m**5/60 + m**4/8 - 7*m**3/6 - 2*m**2 - 2571*m. Suppose -4*g + 32 = -4*x, 0*g - 3*x = 2*g - 1. Calculate c(g).
-17
Let t(b) = 31*b - 2*b**3 - 33*b + 6*b**2 - 2*b**3 - 5 + 3*b**3. Let j be ((-46)/(-4))/(3/2 - 1). Suppose 0 = j*m - 8*m - 75. What is t(m)?
10
Let o(g) = 11*g - 13. Let k(c) = -c**3 - 6*c**2 - 4*c + 10. Let n be k(-5). Let a(i) = i - 2. Let b(s) = n*a(s) - o(s). Determine b(2).
-9
Let d = 8034 - 8037. Let r(s) = 3*s**2 - 4*s - 5. Determine r(d).
34
Suppose -30*k + 179 - 252 - 137 = 0. Let o(p) = -10*p - 30. What is o(k)?
40
Let x = -248 - -382. Let z(n) = -x - n**2 + n**3 - n**2 + 152 - 7*n**2 - n. Let q be z(9). Let h(w) = -w. Determine h(q).
-9
Let x(o) = -100*o**3 + 3*o**2 + 7*o + 5. Let u be x(-1). Let j(v) = -20 - 32*v + u*v - 36*v - 36*v. Calculate j(-8).
4
Suppose -n + 5*q - 10 = -6*n, -5*n + 5*q = 10. Let b(j) = j + 80 + 82 - 170 - 2*j. Calculate b(n).
-8
Let h(a) be the second derivative of a**6/360 - a**5/12 - 19*a**4/24 - a**3/6 + 5*a**2 - 140*a. Let w(b) be the second derivative of h(b). Give w(13).
20
Suppose 2*o - 13 + 17 = 0, w = o + 10. Let b(z) = -3*z + 8 + 7 + 4*z. Let m(y) = 2*y + 44. Let s(i) = w*b(i) - 3*m(i). What is s(9)?
6
Let p(u) = 44*u - 128. Let b = 10228 - 10225. What is p(b)?
4
Let i(c) = -20*c**3 - 5*c**2 - 13*c + 19. Let o(t) = -13*t**3 - 3*t**2 - 8*t + 12. Let z = 99 + -91. Let u(b) = z*o(b) - 5*i(b). Let n = -5 + 4. Calculate u(n).
5
Let h(z) = -71*z + 50*z - 9396 + 9623. Determine h(11).
-4
Let b(a) = 16*a**2 + 340*a + 86. Let d be b(-21). Let m(l) be the third derivative of 0*l + 0 + 0*l**3 - 1/12*l**4 + 7*l**d. Calculate m(-2).
4
Let y(t) = -13*t**2 + 30*t - 12. Let q(i) = -8*i**2 + 17*i - 7. Let g(f) = 5*q(f) - 3*y(f). Give g(-7).
-13
Let c(j) = -j + 1. Let o(b) = -7*b + 6. Let m(a) = -2*c(a) + o(a). Let i(d) = -2*d + 2. Let q = -28 - -37. Let k(w) = q*i(w) - 4*m(w). What is k(2)?
6
Let c(p) = -63*p - 2. Let r be (-2)/1*35/(-20)*8/(-28). Calculate c(r).
61
Let x(q) be the first derivative of -q**5/60 + 5*q**4/24 - q**3/2 + 44*q**2 - q + 233. Let d(n) be the second derivative of x(n). Give d(6).
-9
Let d(q) = -6 - q**2 + 54*q + 11 - q**2 + 11*q**2 - 4*q**2. Calculate d(-11).
16
Let x be (-1 - (-17 - 0)) + 2. Suppose -19*h + 3 = -x*h. Let k(j) = -j**3 + 4*j**2 - 3*j. Give k(h).
0
Let o(f) = f - 19. Let u be (-1152)/42 + 2/14*(-33)/(-11). What is o(u)?
-46
Let v(a) = -41 - 38 + 8*a + a**3 + 6*a**2 + 84. Calculate v(-4).
5
Let y(c) = 67*c + 7710. Let d be y(-115). Let k(i) = i**2 - 2*i + 7. Let m(t) = -1. Let g(x) = k(x) + 4*m(x). Calculate g(d).
18
Let a(q) = -q**3 - 30*q**2 + 38*q + 213. Let s be a(-31). Let n(i) = 16*i + 33. What is n(s)?
-31
Let p(k) = -k**3 + k**2. Let b(n) = 6*n**3 - 10*n**2 - 4*n + 3. Let h(g) = -g**3 - 35*g**2 + 1. Let r be h(-35). Let v(s) = r*b(s) + 5*p(s). Calculate v(4).
-29
Let b(d) be the second derivative of -d**4/2 + 29*d**3/6 - d**2 - 20*d - 1. Let o be b(5). Let g(t) = t**2 + 5*t + 6. Give g(o).
20
Let g(w) = 84 - 10*w + 100 + 31*w - 16. Calculate g(-8).
0
Let o(n) = -n + 7. Suppose 0 = -6*z - 0*z - 444. Suppose 2*i = 4*s - 0*i - 328, 243 = 3*s - 3*i. Let g = s + z. Calculate o(g).
-2
Let x(i) = -98 - 2*i - i**2 - 98 - 2*i + i + 194. Let r = 46 - 25. Let s be (6/(-4))/(r/56). What is x(s)?
-6
Let c(v) = -51*v + 2 + v**3 - 3*v**2 + 4 + 24*v + 31*v. Determine c(3).
18
Suppose -4*m + 4*z = -432, z - 139 + 568 = 4*m. Suppose -4*t - m*v - 52 = -109*v, -4*t - v = 40. Let s(f) = -f**2 - 9*f + 18. Determine s(t).
-4
Let x(y) be the second derivative of 55*y**3/6 + 115*y**2/2 + 170*y + 8. What is x(-2)?
5
Let o(b) = 26825 - 34*b + 26827 - 53670. Determine o(3).
-120
Suppose 3720 = 15117*k - 14745*k. Let j(a) be the first derivative of a**4/4 - 11*a**3/3 + 7*a**2 - 13*a + 1. Determine j(k).
27
Suppose -171 = -2*t + 265. Let r(n) = -70*n - t + 69*n + 191. Give r(0).
-27
Let p(r) = 26*r**2 - 31*r - 63. Let w(d) = 4*d**2 - 5*d - 10. Let z(i) = 3*p(i) - 19*w(i). Let o = -9 + 19. Suppose -3*t + o = 2*t. Calculate z(t).
13
Let l(d) = -d**3 + 4*d**2 - 4*d + 11. Let v be l(4). Let s be 0 - (-2 - 1) - 0. Let o(r) = 6*r - 4 - s*r + 2 + r**2 + 3*r. Determine o(v).
-7
Let z(h) = -2*h**2 - h + 2. Let w(f) = -23*f**2 - 24*f + 21. Let y(s) = w(s) - 12*z(s). Determine y(12).
-3
Let v(x) = -4*x - 30. Suppose -17*c + 4*g + 29 = -22*c, -2*c + 4*g = 6. Calculate v(c).
-10
Let y(j) = j**3 + 63*j**2 - 132*j - 129. Suppose -4*i = s + 259, -3*s + 35 + 98 = -2*i. Determine y(i).
1
Let z(v) be the second derivative of -v**3/6 - v**2/2 + v. Let x be (-22)/(-4) - (-4)/(1 + 7). Suppose x = -7*s + 41. Calculate z(s).
-6
Let q(x) = -x**2 - 3*x + 5. Let m be q(-4). Let c(d) = 7*d**2 - 19*d + 8. Let a(t) = 251*t**2 - 694*t + 292. Let l(u) = 2*a(u) - 73*c(u). What is l(m)?
-10
Let h = 4 - 29. Let j = h + 3. Let r = j + 22. Let z(i) = i**2 - 17. Determine z(r).
-17
Let j = -74 + 76. Let r(i) = 10*i - 13 + 10*i**j - i**3 - 12*i + 7*i + 8*i. Determine r(11).
9
Let r = 1 + -2. Let j be (-15)/10*12/27*-189. Let a(q) = -10*q**2 - 127*q + j*q - 1 - q**2. What is a(r)?
-11
Let n(t) be the first derivative of -t**4/8 + t**3/3 - 175*t**2/2 + 144. Let z(g) be the second derivative of n(g). Calculate z(-3).
11
Let t(y) = -y**3 - 4*y**2 + 4*y - 11. Suppose -2*c - 38*c - 280 = 0. Let f be (1/2)/(c/56) + -1. Determine t(f).
-6
Let q(p) = 5*p**2 - 11*p - 10. Let j(b) = b**2 - b - 1. Let a(r) = 6*j(r) - q(r). Let d be (-17)/(221/91) - (0 + (0 - 1)). Calculate a(d).
10
Let s = 12019 - 12013. Let r(a) be the first derivative of s*a + 3/2*a**2 + 2. What is r(-4)?
-6
Let m(g) be the third derivative of g**7/1680 + g**6/360 + 2*g**5/3 - g**2 + 1. Let t(q) be the third derivative of m(q). Give t(-1).
-1
Suppose 0 = 5*r - 5 - 0. Let d(m) be the third derivative of -m**5/30 - m**4/24 + 13*m**2 + m - 109. Calculate d(r).
-3
Let b(h) = 51 + 14*h - 5*h**3 - 66 - h**3 + 7*h**3 + 11*h**2 + 39. Determine b(-10).
-16
Let r(l) = -15*l. Let c = -1 + -20. Let v be (-2)/(-8)*6*658/c. Let t = v + 46. Calculate r(t).
15
Let x(d) be the third derivative of -d**5/60 + d**4/8 - d**3/3 - 111*d**2 + d. Determine x(4).
-6
Suppose 3 = -4*x - 3*j - 1, 2*x - j = -2. Let b(w) be the second derivative of 4*w**3/3 + 3*w**2/2 + 116*w. Determine b(x).
-5
Suppose -73*o + 77*o = 28. Suppose 20*h + 33 = -o. Let g(u) = -4*u**2 - u - 2. Determine g(h).
-16
Let r(j) = -13*j**2 - 57*j - 36. Let n(u) = -21*u**2 - 89*u - 53. Let m(w) = 5*n(w) - 8*r(w). What is m(14)?
-19
Let k(p) = -p**2 + 23*p + 256. Let h be k(-8). Let d(a) = 2*a - 1. What is d(h)?
15
Suppose -5*c = 2*x - 4, -2*x + x + 2 = c. Suppose -3*v - 3*r = -75, 4*r + 0*r = 3*v - 40. Let i(l) = x*l - l - 20 + v. Calculate i(-5).
-5
Let w(m) = -321 - m**3 + 317 + 2*m**3 - 5*m**3 + 2*m**2 - m. Determine w(2).
-30
Let i be 13 + 20/(-130)*(3 - -10). Let v(z) = z**3 - 10*z**2 - 7*z - 2. What is v(i)?
42
Let x(f) be the second derivative of 1/3*f**3 - 27/2*f**2 - 17*f - 2. What is x(15)?
3
Let s(r) be the first derivative of 10*r**2 - 12*r + 20 + 14/3*r**3. Let k(j) = 5*j**2 + 7*j - 4. Let u(i) = 11*k(i) - 4*s(i). Determine u(-6).
-14
Let l(y) = -3*y**3 - 4*y**2 + 4*y + 112. Let v(d) = 10*d**3 + 12*d**2 - 11*d - 390. Let a(t) = 7*l(t) + 2*v(t). Calculate a(-6).
40
Let c be (11 - (-122)/(-11))*0. Let b(j) = 9*j + 3. Calculate b(